is -1400 + -3?
-1403
In base 6, what is 2 + -2145?
-2143
In base 15, what is -1 + -7d?
-7e
In base 2, what is 11010 + -1100?
1110
In base 16, what is -5dd + -5?
-5e2
In base 7, what is -3 - 4143?
-4146
In base 4, what is -310 - -12?
-232
In base 10, what is 6 - 45?
-39
In base 7, what is -16 + 20?
1
In base 7, what is -5 - 30201?
-30206
In base 2, what is 0 - -11100110011?
11100110011
In base 2, what is 11001101001010 - -10?
11001101001100
In base 8, what is -1255 + -5?
-1262
In base 10, what is -1981 + -5?
-1986
In base 15, what is 1a2 - d?
194
In base 10, what is -22 - 6?
-28
In base 4, what is -3 - -2321?
2312
In base 15, what is -e + -24?
-33
In base 14, what is d - 71?
-62
In base 10, what is -3 - 616?
-619
In base 13, what is 18 - 189?
-171
In base 3, what is 21021122 + -11?
21021111
In base 10, what is 433 + 24?
457
In base 8, what is 211 - 16?
173
In base 6, what is -1054 + -11?
-1105
In base 2, what is 0 - -10?
10
In base 8, what is 5 - -4?
11
In base 15, what is -851 - 2?
-853
In base 14, what is -21 + -cb?
-10c
In base 12, what is -9 - -389?
380
In base 14, what is 1 + -2a6?
-2a5
In base 9, what is 5 - 28?
-23
In base 11, what is -4 - -184?
180
In base 11, what is -184 - 44?
-218
In base 10, what is -74 + -57?
-131
In base 14, what is 12c5 - 4?
12c1
In base 3, what is -110202 - 10?
-110212
In base 6, what is 1220 - -5?
1225
In base 15, what is -720 - -1?
-71e
In base 5, what is 13 - 342?
-324
In base 4, what is -20010 + 1?
-20003
In base 2, what is 111 + 111110?
1000101
In base 5, what is -44 - 111?
-210
In base 12, what is 2b - 186?
-157
In base 6, what is 1 + 1555?
2000
In base 8, what is 7 - 610?
-601
In base 3, what is 1011021 - 121?
1010200
In base 7, what is 11414 - -4?
11421
In base 12, what is -6b8 + 4?
-6b4
In base 8, what is -22 + 5?
-15
In base 14, what is 0 - 41?
-41
In base 9, what is -2 + -3420?
-3422
In base 15, what is ad94 + -5?
ad8e
In base 14, what is 2 + 7a4?
7a6
In base 16, what is -55 + 0?
-55
In base 9, what is -1 + -886?
-887
In base 14, what is -9 - -23?
18
In base 12, what is -5 + -113?
-118
In base 9, what is -36 + 466?
430
In base 8, what is 771 - 34?
735
In base 11, what is 548 + -5?
543
In base 2, what is 11100001100 - 10?
11100001010
In base 16, what is -43e - -3?
-43b
In base 16, what is -1c27 - -2?
-1c25
In base 14, what is 11 + -3?
c
In base 12, what is -2384 + 1?
-2383
In base 9, what is 5 + -835?
-830
In base 2, what is -101 + 101010111011?
101010110110
In base 16, what is -38 + -3?
-3b
In base 5, what is -3 - 32114?
-32122
In base 16, what is -1 - 597?
-598
In base 15, what is 1 - 1b?
-1a
In base 5, what is -13320 - 3?
-13323
In base 15, what is 5 + 14?
19
In base 3, what is -101 + 22?
-2
In base 16, what is 81 + 0?
81
In base 3, what is 211 - 120?
21
In base 6, what is 11432 + -13?
11415
In base 16, what is -95 + -8?
-9d
In base 16, what is 7 + e8?
ef
In base 15, what is 556 + -4?
552
In base 12, what is -41 + 42?
1
In base 4, what is 3 - 232022?
-232013
In base 12, what is -3 - 297?
-29a
In base 15, what is -1c + 0?
-1c
In base 16, what is 2fd + 0?
2fd
In base 6, what is 213035 + 2?
213041
In base 5, what is -30 - -104?
24
In base 5, what is -434 - 3?
-442
In base 7, what is -252 - 4?
-256
In base 11, what is 5 + 1001?
1006
In base 10, what is 1236 + 3?
1239
In base 12, what is -237 - -1?
-236
In base 16, what is 21a9 - -5?
21ae
In base 12, what is 5 - 106?
-101
In base 3, what is 0 - 2212?
-2212
In base 12, what is 6 - 15?
-b
In base 13, what is -4 - 2b?
-32
In base 3, what is -1 + 111011?
111010
In base 2, what is 10111111 - 10001?
10101110
In base 15, what is -188 - 2?
-18a
In base 10, what is -52 - -5?
-47
In base 11, what is -12613 - 3?
-12616
In base 14, what is 1 + 204?
205
In base 5, what is -1002143 + 1?
-1002142
In base 16, what is -7 - -f3?
ec
In base 12, what is 7 - -8?
13
In base 4, what is 2 - -31210?
31212
In base 10, what is -44 + 2?
-42
In base 14, what is -19 - -2?
-17
In base 10, what is 4 - -100?
104
In base 2, what is -10 - -1010011?
1010001
In base 9, what is 74 + -2?
72
In base 4, what is 2031 + 12?
2103
In base 3, what is 12 + -10012?
-10000
In base 8, what is -355 + 34?
-321
In base 11, what is -759 + -5?
-763
In base 7, what is -640 + -6?
-646
In base 7, what is 12 + 555?
600
In base 2, what is -10100110 + -110111?
-11011101
In base 9, what is 143 + 24?
167
In base 8, what is -10 - 612?
-622
In base 10, what is 8227 - -3?
8230
In base 6, what is -2324 - 5?
-2333
In base 7, what is 2 - -11?
13
In base 7, what is 10 - 15?
-5
In base 8, what is -4 - 500?
-504
In base 7, what is -252 + -1?
-253
In base 6, what is 15 + -4?
11
In base 4, what is -21 - 233203?
-233230
In base 14, what is 9b + 3?
a0
In base 7, what is 24 - 125?
-101
In base 16, what is -b - 175?
-180
In base 9, what is -6 + -406?
-413
In base 5, what is -10 - -134?
124
In base 4, what is 3000 - 111?
2223
In base 10, what is 155 - 0?
155
In base 8, what is -24 - 6?
-32
In base 5, what is 4 - 421?
-412
In base 16, what is -1b5 + 3?
-1b2
In base 4, what is 30321 - 12?
30303
In base 13, what is -2b - -44?
16
In base 3, what is -2 + -1221?
-2000
In base 8, what is 1603 - 15?
1566
In base 9, what is -36 + 3?
-33
In base 13, what is 20 + 2?
22
In base 9, what is 1 + -258?
-257
In base 3, what is -10 + 201200?
201120
In base 6, what is 0 + -2111?
-2111
In base 10, what is 23 + 11?
34
In base 4, what is -323 - -12?
-311
In base 4, what is 1322212 + 1?
1322213
In base 2, what is 11 + -110010111?
-110010100
In base 8, what is 11571 + 2?
11573
In base 2, what is 111000 + -101001011?
-100010011
In base 3, what is -21 - 20001?
-20022
In base 6, what is 14 - 2533?
-2515
In base 3, what is 11 + -121?
-110
In base 11, what is 9 + -2?
7
In base 14, what is -1a0c + -3?
-1a11
In base 10, what is 124 + 5?
129
In base 15, what is 1053 + -3?
1050
In base 2, what is -10000000100 + 101?
-1111111111
In base 8, what is 2 - 37?
-35
In base 13, what is 20 - 37?
-17
In base 7, what is -4 - 1?
-5
In base 13, what is -116 + -27?
-140
In base 3, what is 2 + -102010?
-102001
In base 12, what is 5 + 1b?
24
In base 6, what is 10 + 43?
53
In base 9, what is -1 + 1?
0
In base 11, what is 17 - -37a?
396
In base 4, what is -1 - -1001?
1000
In base 3, what is 12 + -20101?
-20012
In base 4, what is -2301 + -1?
-2302
In base 8, what is 300 + -22?
256
In base 8, what is -16 + -1?
-17
In base 12, what is -8 - 1b?
-27
In base 6, what is 3 - 14?
-11
In base 3, what is -1101 + 1?
-1100
In base 13, what is -3 + -630?
-633
In base 2, what is 10110 - -110111101?
111010011
In base 13, what is -9 + 42?
36
In base 8, what is 1 + 41?
42
In base 15, what is -98a - 3?
-98d
In base 11, what is -38 + -4?
-41
In base 12, what is 0 - -18b6?
18b6
In base 3, what is -101122122 - 12?
-101122211
In base 3, what is 1 + -202002?
-202001
In base 11, what is -5 - -103?
a9
In base 9, what is -4 - -286?
282
In base 13, what is 1920 - 0?
1920
In base 16, what is 5 - 1a?
-15
In base 12, what is 171 - 5?
168
In base 3, what is -11 + 1?
-10
In base 7, what is -13 - 61?
-104
In base 5, what is -33 - 330?
-413
In base 15, what is 41c0 - 4?
41bb
In base 15, what is 2 - 50?
-4d
In base 11, what is -5 + -99?
-a3
In base 14, what is -1 - 707?
-708
In base 2, what is -101111000 - 110?
-101111110
In base 8, what is 4336 - -4?
4342
In base 12, what is -5 - 24?
-29
In base 7, what is -1355 + -3?
-1361
In base 8, what is -1 - 20104?
-20105
In base 16, what is -6 + -12c?
-132
In base 10, what is 17515 + -4?
17511
In base 6, what is 422 + -5?
413
In base 10, what is 10584 - -4?
10588
In base 15, what is 48 - 5?
43
In base 14, what is 1b23 + 5?
1b28
In base 4, what is 1 - -203?
210
In base 12, what is -2 + 2?
0
In base 16, what is 2 - 5?
-3
In base 7, what is 1 + -363?
-362
In base 7, what is -410 + 0?
-410
In base 8, what is -3 - 3200?
-3203
In base 11, what is 364 - -4?
368
In base 16, what is -3b + d?
-2e
In base 13, what is 255 - -1?
256
In base 5, what is 212 + 1?
213
In base 4, what is 110 - 3132?
-3022
In base 4, what is 221 + -22?
133
In base 4, what is -1112 - -300?
-212
In base 14, what is -33 + -3?
-36
In base 3, what is 0 + 12122?
12122
In base 8, what is -1 - 67?
-70
In base 14, what is 211 - 9?
206
In base 4, what is 12130 - 0?
12130
In base 15, what is -1 + 392?
391
In base 8, 